b) + 2*v(b). List the prime factors of j(i).
2, 7
Let u = 377 + -315. What are the prime factors of u?
2, 31
Let k(m) = 11*m**2 + 6*m - 13. List the prime factors of k(2).
43
Suppose 3*i - 32 = -3*p + p, 4*i - 28 = -2*p. What are the prime factors of (0 - 74)/(-24 + p)?
37
Suppose 3*t + 2492 = 4*u + 8*t, u + 2*t - 626 = 0. List the prime factors of u.
2, 3, 103
Suppose -4*p + 4*s = -3368, 3*p + 5*s - 2013 = 497. What are the prime factors of p?
2, 3, 5, 7
Let i(f) = 5 + 9*f - 3 + 2 + 0. Let u = -19 - -22. List the prime factors of i(u).
31
Suppose 21*p = 19*p - g + 5165, 5195 = 2*p - 5*g. What are the prime factors of p?
5, 11, 47
Let c = -17 + 11. Let x = -10 - c. What are the prime factors of 21 - 0/(x*1)?
3, 7
Suppose -29 = 3*o - 5. Let u(i) = -i**2 - 12*i - 8. Let v(z) = 3*z**2 + 35*z + 24. Let j(p) = 17*u(p) + 6*v(p). List the prime factors of j(o).
2, 3
Let p be 3/1 + 420/10. List the prime factors of (1 - 2) + (p - -4).
2, 3
Suppose -5*a + 3*a + 2*p = 0, 2*a - 5 = p. Let m(v) = 4 + 5*v - 2*v - v**2 + 3*v. What are the prime factors of m(a)?
3
Let p be (-1124)/(-24) + -2 + (-2)/(-12). Let i be (2/4)/(3/6). Suppose -4*f + p + 21 = 2*g, i = f. What are the prime factors of g?
31
Let n = -204 - -122. Let o = n - -205. List the prime factors of o.
3, 41
Let b(x) = -x**3 + 10*x**2 + 2*x - 14. Let a be b(10). Let d(u) = u**2 - 4*u + 9. List the prime factors of d(a).
3, 7
Let v = -15 + 3. Let d = v + 83. Let m = -50 + d. List the prime factors of m.
3, 7
Let z = 1099 + -314. List the prime factors of z.
5, 157
Let t = 7 - -14. Let f = -21 + 35. Let z = t - f. What are the prime factors of z?
7
List the prime factors of 12/(-90) - 6/(-90)*10457.
17, 41
What are the prime factors of 2028/(-21)*35/(-10)?
2, 13
Let b = 466 + -276. What are the prime factors of b?
2, 5, 19
Let i be 4/14 + ((-846)/21 - 0). Let n = 68 + i. List the prime factors of n.
2, 7
List the prime factors of 85786/46 + 1*20/230.
5, 373
Let v(i) = 23*i - 9 - 23*i + i**2. List the prime factors of v(9).
2, 3
Let f be 0/2*2/16*4. Suppose -68*m + 71*m - 24 = f. What are the prime factors of m?
2
Let l = -234 + 352. List the prime factors of l.
2, 59
Suppose -4*f + 2*d + 30 = 0, 2*d + 2 = -8. Suppose 58 + 37 = f*o. What are the prime factors of o?
19
Suppose 3*p - 4 - 132 = -5*r, -2*p = 3*r - 90. Let w be (1/(-3))/((-7)/p). Suppose 0 = w*u - 93 + 17. What are the prime factors of u?
2, 19
Let u(a) = -370*a**3 + 2*a**2 + 6*a + 7. What are the prime factors of u(-1)?
373
List the prime factors of 9303/33 + (-26)/(-286).
2, 3, 47
Let x be 11/(33/(-10))*-3. Suppose -5*o = -525 + x. What are the prime factors of o?
103
Suppose -3*n + 12 = n + 4*g, -2*n + 6 = 5*g. Let q(w) = -w**3 + 0*w**2 + 7*w**3 + n*w**2 - 5*w**3 + 3*w + 5. List the prime factors of q(-2).
3
Let x be 33/2 + 7/(-14). Suppose -2 + 8 = -z - 4*y, -5*y - x = -3*z. List the prime factors of (-65)/(-4) - z/8.
2
Let a = -24 + 34. Let b = 48 + a. What are the prime factors of b?
2, 29
Let t(q) = -q**3 - 9*q**2 + 9*q - 5. Let k be t(-10). Suppose 2*a + a + 37 = 4*v, 6 = 2*a + k*v. List the prime factors of a/(-3) - (-11)/(-33).
2
Let m(k) = 78*k + 23. Let i be m(11). Suppose 4*c = -4*j + 1168, -3*c + 6*j - 4*j + i = 0. List the prime factors of c.
293
What are the prime factors of 51 - 55 - (8220/2)/(-2)?
7, 293
Let s = 34 + -38. Let d be (-2)/s*(2 + -2). Suppose -h - 1 = 0, -2*g + h + 9 + 8 = d. What are the prime factors of g?
2
Suppose a - 6 = -a. Let r(m) = 6*m**2 - m + 5. Let p be r(4). Suppose 5*x - 5*f + p = 342, 0 = x + a*f - 53. List the prime factors of x.
2, 5
Let g be ((-36)/(-8) + -4)*4. Suppose g*x - 63 = -5*p, -23 = -2*x + 2*p + p. What are the prime factors of x?
19
Let o = -1597 - -2259. What are the prime factors of o?
2, 331
Suppose -4*t + 0*j + 196 = 3*j, 98 = 2*t + 3*j. List the prime factors of t.
7
Suppose -12 = 2*d + 28. List the prime factors of (-3)/(-12) - 135/d.
7
Let f(h) be the second derivative of 2*h**3/3 + 13*h**2/2 - 4*h. Let o be f(-4). Let v(n) = n**3 + 3*n**2 - n + 2. What are the prime factors of v(o)?
5
Suppose 1570 = 18*i - 13*i. What are the prime factors of i?
2, 157
Let q(w) = w**2 - 5*w - 2. Let d be q(6). Let g be 2*(d + 33/1). Suppose -5*h - 40 = -o, 4*o + g - 294 = 5*h. List the prime factors of o.
2, 3, 5
Let z(a) = 22*a**2 - 20*a - 50. What are the prime factors of z(-8)?
2, 3, 11, 23
Let b = 18 - 100. Let c = 153 + b. What are the prime factors of c?
71
Let g(i) = i**2 + 7*i - 11. Let h be g(-13). Suppose 3*k - h = -46. List the prime factors of k.
7
Let a(x) = -6*x**2 + 1 + 2*x**2 + 5*x**2 - 25*x - 3*x**2. List the prime factors of a(-9).
2
Let t = 27 - -85. What are the prime factors of t?
2, 7
Let o = -1545 - -1625. List the prime factors of o.
2, 5
Let z be 4*(-3 + 26/8). Let t be (1512/(-35))/(z/(-5)). Suppose 0*i - t = -4*i. What are the prime factors of i?
2, 3
Let c(b) = 12*b**2 - 4*b - 4. Let m be c(-3). Suppose 0 = -9*t + 8*t + m. What are the prime factors of t?
2, 29
Let f(k) be the second derivative of 14*k**3/3 + 3*k**2 + 33*k. What are the prime factors of f(6)?
2, 3, 29
Let i = 9 - 6. Let o(n) = -n**3 + 2*n**2 + 4*n - 1. Let g be o(i). List the prime factors of (-10 + -4)/(g/(-3)).
3, 7
Let c be (0 - 3) + (-12)/(-2). Suppose -4 = -2*h + 3*h, -c*x = -4*h - 13. List the prime factors of x/(1/3) + 7.
2
Let h be (4 - 7) + 4 + 3. Suppose -4*s = h*k - 116, -4*k - 17 = -2*s + 23. What are the prime factors of s?
2, 13
Let d be -3 - 0 - 21/(-3). Let y(t) = 3*t - 9. Let s be y(d). List the prime factors of s + 0 - (-135)/5.
2, 3, 5
List the prime factors of (-6355)/1*(8 - 704/80).
2, 31, 41
Let d = -63 + 710. List the prime factors of d.
647
Let s = -36 - -30. Let x = 33 - s. Let d = x - 33. What are the prime factors of d?
2, 3
Let v = -4347 - -6153. What are the prime factors of v?
2, 3, 7, 43
Let g = 46 + -46. What are the prime factors of g - 4 - (-282 + -11)?
17
Suppose -70*m + 8080 = -66*m. List the prime factors of m.
2, 5, 101
Let r be (-26)/65 - (-82)/5. Let c be 3*10/(-24)*r. Let y = c - -26. What are the prime factors of y?
2, 3
Let i(p) = p**3 + 15*p**2 - 23*p - 50. What are the prime factors of i(-16)?
2, 31
Let x = 945 + -459. List the prime factors of x.
2, 3
Let n be (61/2)/((-5)/(-10)). Suppose 2*w + 3*w = 380. Suppose -6*k + 3*g = -k - n, 5*k + 2*g = w. List the prime factors of k.
2, 7
Suppose 0 = f - 12*t + 7*t - 49, -3*f + 2*t = -186. What are the prime factors of (885/20)/(12/f)?
2, 59
Let g(h) be the first derivative of h**4/4 - 2*h**3 + 2*h**2 + 7*h + 4. Let m be g(5). List the prime factors of (-79)/(-4) + m/8.
2, 5
Let j be (-6)/21 + 61/(-7). Let u = -138 - -60. What are the prime factors of u/j + 12/(-18)?
2
Suppose -p - 8 = -b, p + 2 = b + 3*p. What are the prime factors of (1/3)/(b/828)?
2, 23
Let d be (-2 - 13)/(-4 + 10/4). Suppose 5*p - d = 0, 5*r = -3*p + 7*p + 752. List the prime factors of r.
2, 19
Let f(d) = 9*d**3 + d**2 + d - 1. Let t be f(1). Let h = t + 17. List the prime factors of h.
3
Suppose 4*d - 4*o = 4, -2*o - 2*o + 6 = d. Suppose -10 = -3*j - d*j. Suppose 0 = j*p + 2*k - 18, 5*k = -3*p - 0*k + 29. What are the prime factors of p?
2
What are the prime factors of (-24)/18*6 + 3179?
3, 7, 151
Suppose -14375 = 17*n - 54444. List the prime factors of n.
2357
Let y = -6 - -6. Let x = 28 - y. List the prime factors of 290/14 - (-8)/x.
3, 7
Let l = -2821 - -4566. List the prime factors of l.
5, 349
What are the prime factors of 1 + (-613)/4*-4?
2, 307
Let s(f) = -f - 4*f**2 - 58*f**3 + 111*f**3 - 54*f**3 - 12 + f**2. What are the prime factors of s(-6)?
2, 3, 17
Let x(r) = -r**2 - 13*r - 7. Let g be x(-10). Suppose -5*y = -22 - g. What are the prime factors of y?
3
Suppose w - 47 = 68. Suppose 5*q - 15 = 2*q, -q + w = 2*o. What are the prime factors of o?
5, 11
Suppose 19*m = -4*m + 4554. What are the prime factors of m?
2, 3, 11
Suppose 534*m = 494*m + 227640. List the prime factors of m.
3, 7, 271
Suppose 0 = -2*a - 5*k - 86, 0 = -5*a + 3*a + k - 98. Let v = -14 - a. List the prime factors of v.
2, 17
Let s(l) = 2*l**2 + 4*l + 3. Let x be 1*(1 - (3 - 2)). Suppose i + 0*i + 5 = x. List the prime factors of s(i).
3, 11
Let p = -260 - -1434. What are the prime factors of p?
2, 587
Suppose -25*g + 185027 = 43077. What are the prim